Let c be (4/4)/(k/7). Let j(l) = 10*l + 2. What is the tens digit of j(c)?
7
Suppose 3*w = -3*b + 1008, 0*b + 2*b = w - 330. Let q be (w/3)/(5 + 85/(-15)). What is the units digit of (q/(-2))/(2/4)?
7
Suppose 57*o = 53*o + 20. Suppose -2*a - o*a = -658. What is the tens digit of a?
9
Let p be (2678/(-78))/((-1)/9). What is the units digit of ((-2)/(-4))/((-29)/(-58))*p?
9
Let f = 763 - -242. Let s = f - 405. What is the hundreds digit of s?
6
Let s(j) = -4*j + 5*j - 8*j**2 + 12*j**2 + 4 + 2*j. Let d be s(-2). Suppose 0 = -d*q + 13*q + 35. What is the units digit of q?
5
Suppose 4*i - 4*u = 31084, -4*i + 29*u + 31094 = 27*u. What is the hundreds digit of i?
7
Let o = 7406 + -1650. Suppose o = 4*b + 4*i, 19*i - 7211 = -5*b + 18*i. What is the thousands digit of b?
1
Let z be 18/(-24)*(-60)/3. What is the units digit of 95*(132/z + -5)?
1
Let o(p) = 20 + 19 + 2 - 6*p. Let u be o(6). Suppose 4*y + 0*y - 2*i - 212 = 0, u*i = -2*y + 130. What is the tens digit of y?
5
Let f be 3/6 + 3/(-6) - 4. Let d be -1 - (164 - (-12)/f). Let a = d + 262. What is the units digit of a?
0
Let n(i) = 1. Let h(m) = -7*m**2 + 5. Let l(b) = -h(b) + 6*n(b). Let r be (-3)/(-12) - 34/8. What is the units digit of l(r)?
3
Let y = -150 + 150. Suppose -51 = p + 3*g - 238, 4*p - 2*g - 706 = y. Suppose -b + p = b. What is the units digit of b?
9
Suppose -7*u + 4584 = -24270. What is the thousands digit of u?
4
Suppose -4*g = 8, 3*i + 3 = -g - 2*g. Let k be 1 - (-3 - (-49)/i). Let z = k - -154. What is the tens digit of z?
0
Let x(k) = k**3 + 6*k**2 + 4*k - 1. Let l be x(-5). What is the tens digit of 412/(0 + l) + 8/(-2)?
9
What is the units digit of (0 + 10)/((-41)/((-369615)/30))?
5
Let s(u) = 255*u - 165. What is the units digit of s(18)?
5
Let b be ((-1 + 21)/4)/1. Suppose 2*z + b*r - 12 = 0, r = -2*z + 2*r + 12. Suppose z*s + 3*v = s + 45, 3*s - 4*v + 2 = 0. What is the units digit of s?
6
Suppose -2*j - 64*p + 68*p = -10864, 5*p - 16263 = -3*j. What is the hundreds digit of j?
4
Suppose 5*o + 2*m - 21 = 0, 4*o - 3*m + 12 = 5*o. What is the hundreds digit of 1/(o*(-4)/(-1824))?
1
Let l = -51 - -51. Suppose -17 = -4*q - 2*m + 1, l = -4*m - 4. Suppose -q*s = -17*s + 1128. What is the tens digit of s?
9
Let f(a) = 16478*a**2 + 419*a + 420. What is the units digit of f(-1)?
9
Let c = -59 - -64. Let h(x) = -2*x + 17. Let k be h(c). Let p(o) = o**3 - 7*o**2 + 8*o - 5. What is the tens digit of p(k)?
5
Let l be 1*-1*(-4)/4. Suppose -3*b - l - 2 = 0, -2*b = 4*t - 642. Suppose -5*r + t = -269. What is the tens digit of r?
8
What is the units digit of 91011/7 + (-6)/(-14)?
2
Let b(s) = s**3 - 3*s**2 - 8*s - 9. Let i be b(5). Let u(d) = 385*d**2 - 2*d + 3. What is the units digit of u(i)?
6
Let n(q) = q**3 - 3*q**2 - 9*q + 8. Let b be n(5). Suppose -22*p + 2709 = -b*p. Suppose 2 = -4*j + 6, -2*j - p = -s. What is the hundreds digit of s?
3
Suppose 20*y + 58603 - 517357 = 13906. What is the ten thousands digit of y?
2
Suppose 69142 = 45*c - 11363. What is the hundreds digit of c?
7
Let m be (-3)/6 - 76/8. Let x be (20/25)/((-4)/m). What is the units digit of x/5 + 342/45?
8
Let m(o) be the second derivative of 2/3*o**4 + 0 - 3/2*o**2 + 17*o - 1/20*o**5 + 11/6*o**3. What is the units digit of m(9)?
5
Suppose -1286 = -4*z - 5*s + 822, 2*z - 2*s - 1054 = 0. What is the units digit of (-7 + 11 - 3)*(-1 + z)?
6
Let b = 1437 - 1782. Let u(d) = 21*d**3 - 3*d**2 - 2*d - 3. Let q be u(-2). Let l = q - b. What is the tens digit of l?
6
Let q = 133 - -71. Let z be ((-195)/(-26) - 6)*8/6. Suppose -5*s + q = -z*s. What is the units digit of s?
8
Suppose -5*o = -18 - 2. What is the tens digit of (-5816)/(-40) - 1 - o/10?
4
Suppose -5*v + 760 = d, -5*v + 750 = d - 2*d. Suppose -12*f + 11*f = -v. Suppose -f = -2*x + 5*j, 2*x + 54 = -2*j + 198. What is the units digit of x?
3
Let c = -2836 + 5768. What is the units digit of (-1)/(5 + (-23460)/c + 3)?
3
Suppose -12*a - 11*a + 30*a - 98126 = 0. What is the thousands digit of a?
4
What is the hundreds digit of (86 - 89) + -1 + 5640?
6
Suppose -25 = 4*z - 2*b - 3*b, 0 = -3*z + 5*b - 25. Suppose z*j - 5 = -j. Suppose 2*l - 205 = -j*a, 6 = a + a. What is the tens digit of l?
9
Let h = -41 + 42. What is the tens digit of 101 + 0/3*h/1?
0
Let v be (-4)/(16/(-41)) + 3/4. Suppose 4*q = -v*q + 3375. What is the units digit of q?
5
Let k = 17186 + -17154. What is the units digit of k?
2
Let p(m) be the third derivative of m**5/30 - m**4/3 + m**3/2 - 18*m**2. Let y(c) = 2*c**2 - 2*c - 4. Let r be y(3). What is the tens digit of p(r)?
6
Let j = 11 - -125. Suppose 19*r - 23*r = -j. What is the tens digit of r?
3
Let v(c) = c**3 - 8*c**2 + c - 6. Let z be v(8). Suppose z*q + 3*m + 3 = 10, 12 = 3*q + 5*m. What is the units digit of 4 + 90/((-5)/q)?
2
Let i(p) = 1800*p + 8. What is the tens digit of i(1)?
0
Suppose -2*n - 1 = 3*j, -n + 4*n = 3*j - 24. Suppose -603 = -j*s + 477. What is the hundreds digit of s?
3
What is the ten thousands digit of (7140/850)/((-1)/(-1575)) + (1 - -4)?
1
Let f = 13474 - 4783. What is the hundreds digit of f?
6
Let o(j) = 72*j**2 + 96*j + 1531. What is the tens digit of o(-22)?
6
Suppose 12*m - 52 - 224 = 0. Suppose 516 = m*t + 56. What is the tens digit of t?
2
What is the thousands digit of ((-906)/755)/((-4)/48050)?
4
Suppose -18*v - 13 = 95. What is the tens digit of v/(-3) - ((-2)/(-2) - 405)?
0
Suppose 2915 = o + 1030. What is the thousands digit of o?
1
Suppose 3*o + 0*o - j = -9, 0 = -5*o + 5*j - 25. Let a = o - -16. Suppose -h - 1651 = -a*h. What is the tens digit of h?
2
Let w(r) = -11*r - 142. Let a be w(-12). What is the tens digit of (-111834)/(-135) - (-4)/a?
2
Suppose 3*v + 657 = x + 19, 10 = 2*x. Let m = 177 - v. What is the units digit of m?
8
Let m = -203 + 200. What is the hundreds digit of ((-56)/m)/((-8)/360*-3)?
2
Let p(r) = -235*r + 52176. What is the ten thousands digit of p(0)?
5
Suppose 0 = 4*b + k - 95133, 43463 = 4*b + 4*k - 51649. What is the thousands digit of b?
3
Let n(s) = 5*s**3 + 4*s**2 + 9*s - 18. Let z be n(6). Suppose -36 = -2*v - 28. Suppose 5*x + 5*k - z = 0, -5*x + 904 = -v*k - 320. What is the tens digit of x?
4
Let k be (-32)/12*-3 + -10. Let f be 4/10 - (-1719)/15. Let c = k + f. What is the units digit of c?
3
Let d = 47 - 39. Suppose 12*z - d*z - 576 = 0. What is the units digit of (z/(-20))/(1/(-10))?
2
Suppose -225218 - 373582 = -80*m. What is the hundreds digit of m?
4
Let g(y) = 159*y**2 + 60*y + 241. What is the tens digit of g(-5)?
1
Let y(v) = 9*v**2 - 771*v + 419. What is the hundreds digit of y(126)?
1
Suppose 5*b - 2*v - 1745 = 21236, -5*v + 18398 = 4*b. What is the hundreds digit of b?
5
Let t(q) = -4*q + 52. Let s be t(12). Suppose b = s*y - 69, -6*y - 4*b = -3*y - 66. What is the tens digit of y?
1
What is the ten thousands digit of (11 - -7 - 35)*-1213*1?
2
Suppose -4*c - 8 - 8 = 0, 2*c + 8 = 3*v. Suppose v = 632*r - 633*r + 393. What is the units digit of r?
3
Suppose -198 = -8*x - 14*x. Let a(y) = y**3 - 7*y**2 + 37*y + 31. What is the tens digit of a(x)?
2
What is the tens digit of (-31254)/4*(1 + -3)/1?
2
Suppose -3*b = -172 - 109 - 22. What is the hundreds digit of b?
1
Suppose -6*i = -2*i + 3*n - 7645, 4*n + 20 = 0. Let o = i + -1149. What is the tens digit of o?
6
Let i(g) = -g**2 - g. Let z be i(0). Let d(l) = -33*l + 286. What is the units digit of d(z)?
6
What is the ten thousands digit of 5 - 14 - (26 - 27352)?
2
Let d(t) = 12*t - 4*t + t**2 - 79 + 248 - t - 3*t. Let o be 2/(-8) + (-3)/(-12). What is the tens digit of d(o)?
6
Let a(r) = 1610*r - 6289. What is the tens digit of a(20)?
1
Let o(t) = 9*t**2 - 57*t + 888. What is the thousands digit of o(28)?
6
Suppose 3*l - 5*l - 4 = -g, -5*l - 10 = g. Suppose 5*d = -2*q - 27, -q = -g*d - 3*d + 41. Let f = q + 27. What is the units digit of f?
1
Let a be (-44)/12 - -3 - (-544)/6. Suppose 10*d = -8*d - a. Let z(c) = 3*c**2 - 4*c - 15. What is the units digit of z(d)?
0
Suppose 0 = 466*k - 434*k - 425312. What is the ten thousands digit of k?
1
Suppose 0 = 2*g, 36*k - 35*k - 4*g - 4222 = 0. What is the hundreds digit of k?
2
Let r(f) be the second derivative of f**3 - 21*f**2/2 + 9*f. Let x be r(11). What is the units digit of (-18)/x - 574/(-10)?
7
Let u = -31 + 19. Let n be (10/3)/(130/312). Let k = n - u. What is th